011100000101
Convert -10110101001000000100001 (base 2) to base 3.
-102011112110220
Convert -415255205 (base 6) to base 7.
-115444136
Convert -556891 (base 10) to base 11.
-350445
-14637372 (base 8) to base 5
-1324432313
What is -16bae (base 16) in base 4?
-112232232
-1100313012 (base 4) to base 15
-68206
-459383 (base 10) to base 2
-1110000001001110111
-1001010001101101110 (base 2) to base 5
-34211412
Convert -208379 (base 11) to base 12.
-1409a7
Convert -2443376 (base 9) to base 3.
-2111110102120
Convert -45223 (base 15) to base 4.
-311223102
Convert 15d552a (base 15) to base 5.
13030114130
What is 25106360 (base 7) in base 9?
4215382
What is -23aa9a (base 12) in base 16?
-8d496
-b164a (base 13) to base 10
-317444
What is -103131022131 (base 4) in base 6?
-301151553
-470323 (base 10) to base 5
-110022243
Convert 2625456 (base 7) to base 15.
6b8e9
Convert 1001010000001110001100 (base 2) to base 3.
11120020111020
1073209 (base 10) to base 8
4060071
5036661 (base 10) to base 11
2930133
What is -55156 (base 10) in base 3?
-2210122211
What is 12004041 (base 8) in base 16?
280821
Convert -7535 (base 12) to base 4.
-3020321
What is 5666ba (base 12) in base 11?
862860
22004022 (base 5) to base 14
4c736
316302 (base 8) to base 16
19cc2
What is 11200220201 (base 3) in base 13?
33160
What is -1221475 (base 10) in base 5?
-303041400
100100201021 (base 3) to base 9
310637
-31d74 (base 14) to base 10
-120642
What is 1609789 (base 11) in base 9?
5152333
What is -714540 (base 9) in base 14?
-b036d
Convert -1012200114 (base 5) to base 3.
-10220002211122
Convert 911db0 (base 15) to base 4.
122102133021
Convert -321c (base 14) to base 15.
-286a
Convert 6062125 (base 7) to base 5.
141033204
What is 3992109 (base 10) in base 11?
2287370
4866 (base 9) to base 10
3624
Convert -11100222011 (base 3) to base 14.
-234ab
-41314242 (base 5) to base 9
-565540
What is -14076 (base 12) in base 13?
-c819
What is -2422521 (base 6) in base 16?
-1f291
1000110111010100 (base 2) to base 10
36308
What is 182516 (base 10) in base 6?
3524552
What is -4b709 (base 12) in base 6?
-2112413
What is -14d7a8 (base 14) in base 12?
-2b1834
Convert 37da39 (base 15) to base 8.
12157627
Convert 16085a3 (base 11) to base 9.
5150213
Convert 120012211010 (base 3) to base 12.
125393
Convert -520231 (base 10) to base 6.
-15052251
Convert -73806 (base 12) to base 16.
-24fc6
-167304 (base 9) to base 7
-611344
2500543 (base 8) to base 14
13cc95
71994 (base 12) to base 8
441500
Convert 90490 (base 11) to base 3.
20201112221
Convert -90e9a (base 15) to base 12.
-1a16b4
Convert 1081924 (base 11) to base 3.
10120002011001
What is -233324410 (base 6) in base 5?
-2104202232
What is 33552120 (base 6) in base 11?
640619
Convert -a4911 (base 11) to base 15.
-30440
Convert 100020222201 (base 3) to base 10.
182242
100110001110101 (base 2) to base 10
19573
-2242870 (base 9) to base 8
-4472061
What is -1d92a2 (base 14) in base 5?
-232444322
c3ac8 (base 13) to base 9
584646
Convert -6492b (base 12) to base 5.
-13221114
Convert 10010110001010111011 (base 2) to base 5.
124140344
-6eba06 (base 15) to base 5
-2324220011
Convert 25475333 (base 8) to base 2.
10101100111101011011011
What is 401446 (base 8) in base 4?
200030212
Convert 6883a6 (base 13) to base 5.
1113140330
What is -174157 (base 10) in base 11?
-109935
Convert 110212111211 (base 3) to base 16.
3dd98
Convert 1212303223 (base 4) to base 12.
183837
What is -53130 (base 8) in base 5?
-1201404
Convert 11205 (base 16) to base 2.
10001001000000101
4023104 (base 7) to base 13
138b54
Convert 16693 (base 15) to base 8.
215253
Convert 24047317 (base 8) to base 5.
2321404210
Convert 1a24b12 (base 12) to base 9.
11348805
Convert -27443502 (base 8) to base 11.
-3540103
-130121311 (base 5) to base 2
-10011001101101001101
3601491 (base 11) to base 8
27757230
Convert 46a16 (base 11) to base 14.
1a9b3
What is 11043400 (base 7) in base 16?
e86d5
30682aa (base 11) to base 8
24515243
What is 12001012201220 (base 3) in base 15?
37e5d0
What is 47477 (base 14) in base 8?
523301
Convert 2a92839 (base 11) to base 5.
2323222243
Convert 899017a (base 11) to base 5.
13013111144
23796 (base 13) to base 11
44939
553355 (base 8) to base 15
3a213
Convert 410301411 (base 5) to base 10.
1650231
1621150 (base 7) to base 12
a9574
Convert 10657 (base 9) to base 11.
5374
-63145454 (base 7) to base 15
-7020cb
3a2feb (base 16) to base 8
16427753
Convert 530335 (base 6) to base 9.
64755
-1011101110100111110 (base 2) to base 3
-201112012000
b562c (base 13) to base 12
138940
-3718b5 (base 13) to base 16
-141a7f
Convert 210441432 (base 5) to base 11.
548127
What is -2004145 (base 6) in base 4?
-113000201
Convert -1091252 (base 13) to base 9.
-10512272
2d9860 (base 14) to base 12
6528a4
14210240 (base 5) to base 12
71496
-1034311400 (base 5) to base 16
-227d01
Convert 43144415 (base 7) to base 13.
9b8a2a
What is -239344 (base 14) in base 13?
-33778c
What is -407203 (base 8) in base 6?
-2520003
-11568416 (base 9) to base 4
-111210222120
What is 259296 (base 11) in base 13?
113705
What is 105034 (base 6) in base 7?
34612
What is -4740a7 (base 11) in base 12?
-303318
What is -654516 (base 7) in base 13?
-4014c
What is 1336939 (base 14) in base 5?
4333322120
26dd8d (base 14) to base 9
2468256
33144123 (base 5) to base 3
112121020221
What is 555411222 (base 6) in base 15?
d3bcb2
What is -a03ab (base 14) in base 7?
-3162104
-30232222200 (base 4) to base 2
-1100101110101010100000
What is 1a6978 (base 11) in base 6?
10441501
Convert 12510 (base 15) to base 14.
17479
261a04 (base 12) to base 13
18b794
-299788 (base 11) to base 16
-71f69
-819b90 (base 13) to base 5
-1233130104
2caa3 (base 14) to base 2
11011010011110111
111735 (base 13) to base 12
175466
Convert 22014153 (base 6) to base 5.
131433123
What is -1020a81 (base 11) in base 14?
-34ca86
What is 246a64 (base 11) in base 8?
1371454
What is 1c1ac (base 13) in base 15?
11576
Convert -240340332 (base 5) to base 15.
-16c947
5499a1 (base 14) to base 12
b64635
-7955403 (base 10) to base 6
-442302323
Convert 645321 (base 8) to base 12.
a4a41
Convert 5675377 (base 8) to base 12.
622627
-27355 (base 11) to base 3
-1222112021
-425738 (base 11) to base 7
-5534336
Convert 1021121 (base 8) to base 14.
70a41
What is 4343a1 (base 15) in base 14?
5d575b
Convert 101232 (base 13) to base 4.
1123101231
What is -1163 (base 9) in base 4?
-31203
-111110101110110010 (base 2) to base 16
-3ebb2
-1022112101 (base 3) to base 12
-12ba7
What is 100031233122 (base 4) in base 5?
2042004321
-221220111122121 (base 3) to base 8
-64413261
What is 2cbcd (base 14) in base 6?
2222545
Convert -4340340 (base 5) to base 16.
-122e6
Convert -554441 (base 6) to base 7.
-252154
Convert -822445 (base 10) to base 8.
-3106255
What is 10010111000111110 (base 2) in base 7?
441403
What is 1333203 (base 5) in base 11?
19571
-202200222002 (base 3) to base 6
-12422302
-64693 (base 13) to base 12
-88ab4
What is 2427560 (base 9) in base 3?
2110221122000
What is 1131334 (base 6) in base 14?
17546
Convert 53450b (base 15) to base 13.
a89ccb
11202022010212 (base 3) to base 5
1121302420
What is 425463 (base 9) in base 10?
253344
Convert f34f (base 16) to base 11.
42885
-1101110011101110110 (base 2) to base 16
-6e776
Convert -25155663 (base 7) to base 10.
-2266197
Convert -314233213 (base 5) to base 3.
-2111010011002
Convert -1a0c8a (base 14) to base 11.
-581617
Convert 244136 (base 8) to base 2.
10100100001011110
-20067028 (base 10) to base 9
-41674707
What is -327627 (base 8) in base 7?
-640056
What is 404313 (base 6) in base 5?
2011320
What is -344cbc9 (base 13) in base 7?
-253626526
Convert -2505024 (base 6) to base 2.
-100000100010101000
Convert -2c90176 (base 13) to base 16.
-db36f1
Convert 411413540 (base 6) to base 8.
33000644
-117d7 (base 14) to base 5
-2331341
12413024 (base 5) to base 14
32adb
What is 111011001100100011110110 (base 2) in base 4?
323030203312
What is -10110101100100000 (base 2) in base 9?
-151458
What is 12c6872 (base 13) in base 5?
3004124004
Convert -11201221100101 (base 3) to base 11.
-146aa80
What is -8b124 (base 15) in base 9?
-743747
441131312 (base 5) to base 10
1895832
What is -46a66 (base 11) in base 9?
-113038
Convert 5152 (base 7) to base 10.
1801
Convert 3145121 (base 6)